{"id":15540,"date":"2024-04-08T12:55:29","date_gmt":"2024-04-08T10:55:29","guid":{"rendered":"https:\/\/yoursend.ishop-dev.com\/?page_id=15540"},"modified":"2024-04-09T15:22:57","modified_gmt":"2024-04-09T13:22:57","slug":"privacy-policy-2","status":"publish","type":"page","link":"https:\/\/yoursend.it\/?page_id=15540","title":{"rendered":"Privacy Policy"},"content":{"rendered":"\t\t<div data-elementor-type=\"wp-page\" data-elementor-id=\"15540\" class=\"elementor elementor-15540\">\n\t\t\t\t<div class=\"elementor-element elementor-element-6fe8486 e-flex e-con-boxed e-con e-parent\" data-id=\"6fe8486\" data-element_type=\"container\">\n\t\t\t\t\t<div class=\"e-con-inner\">\n\t\t\t\t<div class=\"elementor-element elementor-element-a012797 elementor-widget elementor-widget-text-editor\" data-id=\"a012797\" data-element_type=\"widget\" data-widget_type=\"text-editor.default\">\n\t\t\t\t<div class=\"elementor-widget-container\">\n\t\t\t\t\t\t\t\t\t<p><\/p>\n<h1 class=\"wp-block-heading\">Tutela della Privacy<\/h1>\n<div>\n<p>In osservanza di quanto previsto ai sensi dell\u2019art. 13 Regolamento UE n. 2016\/679 \u201cGDPR\u201d, La societ\u00e0 MEDITRANSPORT SUD S.R.L., nella sua qualit\u00e0 di titolare del trattamento, Vi informa che i Vostri dati personali saranno trattati con le modalit\u00e0 e per le finalit\u00e0 seguenti:<\/p>\n<p><strong>1. Modalit\u00e0 di trattamento<\/strong><br \/>I dati personali da Voi comunicati verranno trattati dal Titolare esclusivamente su supporto informatico e per via telematica.<\/p>\n<p><strong>2. Finalit\u00e0 del trattamento<\/strong><br \/>I Vostri dati personali sono trattati in conformit\u00e0 con quanto prescritto all\u2019interno del GDPR per le seguenti finalit\u00e0:<br \/>A) gestione del contratto di fornitura di servizi di spedizione on-line concluso attraverso il presente sito Web<br \/>B) in caso di consenso esplicito e disgiunto, per ulteriori finalit\u00e0 promozionali e di marketing via email, senza comunicazione a terzi<br \/>Il trattamento dei Vostri dati personali \u00e8 realizzato per mezzo delle operazioni indicate all\u2019art. 4 comma 1 n. 2) GDPR e precisamente: raccolta, registrazione, organizzazione, conservazione, consultazione, elaborazione, modificazione, selezione, estrazione, raffronto, utilizzo, interconnessione, blocco, comunicazione, cancellazione e distruzione dei dati. I Vostri dati personali sono sottoposti a trattamento elettronico e\/o automatizzato.<\/p>\n<p><strong>3. Conservazione<\/strong><br \/>I dati conferiti saranno conservati:<br \/>\u2022 Per le finalit\u00e0 di cui al punto A precedente, per il tempo necessario alla conclusione e gestione del contratto di fornitura di servizi di spedizione on-line concluso attraverso il presente sito Web.<br \/>\u2022 Per le finalit\u00e0 di cui al punto A precedente, per i 10 anni successivi alla conclusione del contratto per finalit\u00e0 di carattere contabile e fiscale come da normativa vigente.<br \/>\u2022 Per le finalit\u00e0 di cui al punto B della presente informativa, previo consenso espresso, sino a richiesta di cancellazione da parte dell\u2019interessato e comunque per un periodo non eccedente i 12 mesi, salvo rinnovo del consenso espresso.<\/p>\n<p><strong>4. Accesso ai dati personali<\/strong><br \/>I Vostri dati potranno essere resi accessibili per le finalit\u00e0 di cui sopra:<br \/>&#8211; a dipendenti e collaboratori del Titolare, nella loro qualit\u00e0 di soggetti designati<br \/>&#8211; a eventuali altri soggetti (interni o esterni) individuati dal titolare per l&#8217;attuazione delle finalit\u00e0 di cui alla presente informativa<\/p>\n<p><strong>5. Comunicazione dei dati<\/strong><br \/>I dati personali cos\u00ec raccolti non saranno diffusi, ceduti o scambiati in alcun modo con soggetti terzi.<\/p>\n<p><strong>6. Trasferimento dati<\/strong><br \/>La gestione e la conservazione dei dati personali avverr\u00e0 su server ubicati all\u2019interno dell\u2019Unione Europea. I dati non saranno oggetto di trasferimento al di fuori dell\u2019Unione Europea. Resta in ogni caso inteso che il Titolare, ove si rendesse necessario, avr\u00e0 facolt\u00e0 di spostare l\u2019ubicazione dei server in Italia e\/o Unione Europea e\/o Paesi extra-UE. In tal caso, il Titolare assicura sin d\u2019ora che il trasferimento dei dati extra-UE avverr\u00e0 in conformit\u00e0 alle disposizioni di legge applicabili stipulando, se necessario, accordi che garantiscano un livello di protezione adeguato e\/o adottando le clausole contrattuali standard previste dalla Commissione Europea.<\/p>\n<p><strong>7. Natura del conferimento dei dati e conseguenze del rifiuto<\/strong><br \/>Il conferimento dei dati per le finalit\u00e0 &#8220;A&#8221; \u00e8 obbligatorio per la gestione del contratto di fornitura di servizi di spedizione on-line concluso attraverso il presente sito Web. Il mancato conferimento comporta l\u2019impossibilit\u00e0 di gestire il contratto di spedizione on-line. Il conferimento dei dati per le finalit\u00e0 &#8220;B&#8221; \u00e8 facoltativo ed oggetto di consenso informato esplicito e separato in calce alla presente informativa<\/p>\n<p><strong>8. Diritti dell\u2019interessato<\/strong><br \/>Nella Vostra qualit\u00e0 di interessati, avete i diritti di cui all\u2019art. 15 GDPR e precisamente i diritti di:<br \/>I. ottenere la conferma dell&#8217;esistenza o meno di dati personali che Vi riguardano;<br \/>II. ottenere l&#8217;indicazione: a) dell&#8217;origine dei dati personali; b) delle finalit\u00e0 e modalit\u00e0 del trattamento; c) della logica applicata in caso di trattamento effettuato con l&#8217;ausilio di strumenti elettronici; d) degli estremi identificativi del titolare, dei responsabili e del rappresentante designato ai sensi dell&#8217;art. 3, comma 1, GDPR; e) dei soggetti o delle categorie di soggetti ai quali i dati personali possono essere comunicati o che possono venirne a conoscenza in qualit\u00e0 di rappresentante designato nel territorio dello Stato, di responsabili o incaricati;<br \/>III. ottenere: a) l&#8217;aggiornamento, la rettifica ovvero, quando avete interesse, l&#8217;integrazione dei dati; b) la cancellazione, la trasformazione in forma anonima o il blocco dei dati trattati in violazione di legge, compresi quelli di cui non \u00e8 necessaria la conservazione in relazione agli scopi per i quali i dati sono stati raccolti o successivamente trattati; c) l&#8217;attestazione che le operazioni di cui alle lettere a) e b) sono state portate a conoscenza, anche per quanto riguarda il loro contenuto, di coloro ai quali i dati sono stati comunicati o diffusi, eccettuato il caso in cui tale adempimento si rivela impossibile o comporta un impiego di mezzi manifestamente sproporzionato rispetto al diritto tutelato;<br \/>IV. opporsi, in tutto o in parte: a) per motivi legittimi al trattamento dei dati personali che Vi riguardano, ancorch\u00e9 pertinenti allo scopo della raccolta; b) al trattamento di dati personali che Vi riguardano a fini di invio di materiale pubblicitario o di vendita diretta o per il compimento di ricerche di mercato o di comunicazione commerciale. Ove applicabili, avete altres\u00ec i diritti di cui agli artt. 16-21 GDPR (Diritto di rettifica, diritto all\u2019oblio, diritto di limitazione di trattamento, diritto alla portabilit\u00e0 dei dati contrattuali e grezzi di navigazione, diritto di opposizione), nonch\u00e9 il diritto di reclamo all\u2019Autorit\u00e0 Garante. L\u2019interessato ha diritto di opporsi, in tutto o in parte per motivi legittimi al trattamento dei dati personali che lo riguardano, ancorch\u00e9 pertinenti allo scopo della raccolta.<\/p>\n<p><strong>9. Modalit\u00e0 di esercizio dei diritti<\/strong><br \/>Potrete in qualsiasi momento esercitare i diritti inviando una email o una raccomandata a.r. all\u2019indirizzo del Titolare.<\/p>\n<p><strong>10. Utilizzo dei Cookies<\/strong><br \/>Il presente sito Web fa uso di cookies per consentire all\u2019utente di personalizzare la propria visita. Un cookie \u00e8 un file di testo che viene salvato sul vostro computer da una pagina Web. Potrete verificare nel dettaglio le modalit\u00e0 di utilizzo dei cookies effettuate dal presente sito consultando la Cookie Policy al seguente link\u00a0<a href=\"https:\/\/yoursend.ishop-dev.com\/?page_id=15551\">www.yoursend.ishop-dev.com\/CookiePolicy<\/a><\/p>\n<p><strong>11. Titolare del trattamento<\/strong><br \/>Il Titolare del trattamento \u00e8: MEDITRANSPORT SUD S.R.L. Via Santa Tecla, 3 20122 &#8211; Milano<\/p>\n<\/div>\n<p><\/p>\t\t\t\t\t\t\t\t<\/div>\n\t\t\t\t<\/div>\n\t\t\t\t\t<\/div>\n\t\t\t\t<\/div>\n\t\t\t\t<\/div>\n\t\t","protected":false},"excerpt":{"rendered":"<p>Tutela della Privacy In osservanza di quanto previsto ai sensi dell\u2019art. 13 Regolamento UE n. 2016\/679 \u201cGDPR\u201d, La societ\u00e0 MEDITRANSPORT SUD S.R.L., nella sua qualit\u00e0 di titolare del trattamento, Vi informa che i Vostri dati personali saranno trattati con le modalit\u00e0 e per le finalit\u00e0 seguenti: 1. Modalit\u00e0 di trattamentoI dati personali da Voi comunicati [&hellip;]<\/p>\n","protected":false},"author":1,"featured_media":0,"parent":0,"menu_order":0,"comment_status":"closed","ping_status":"closed","template":"elementor_header_footer","meta":{"_acf_changed":false,"footnotes":""},"class_list":["post-15540","page","type-page","status-publish","hentry"],"acf":[],"_links":{"self":[{"href":"https:\/\/yoursend.it\/index.php?rest_route=\/wp\/v2\/pages\/15540","targetHints":{"allow":["GET"]}}],"collection":[{"href":"https:\/\/yoursend.it\/index.php?rest_route=\/wp\/v2\/pages"}],"about":[{"href":"https:\/\/yoursend.it\/index.php?rest_route=\/wp\/v2\/types\/page"}],"author":[{"embeddable":true,"href":"https:\/\/yoursend.it\/index.php?rest_route=\/wp\/v2\/users\/1"}],"replies":[{"embeddable":true,"href":"https:\/\/yoursend.it\/index.php?rest_route=%2Fwp%2Fv2%2Fcomments&post=15540"}],"version-history":[{"count":10,"href":"https:\/\/yoursend.it\/index.php?rest_route=\/wp\/v2\/pages\/15540\/revisions"}],"predecessor-version":[{"id":15603,"href":"https:\/\/yoursend.it\/index.php?rest_route=\/wp\/v2\/pages\/15540\/revisions\/15603"}],"wp:attachment":[{"href":"https:\/\/yoursend.it\/index.php?rest_route=%2Fwp%2Fv2%2Fmedia&parent=15540"}],"curies":[{"name":"wp","href":"https:\/\/api.w.org\/{rel}","templated":true}]}}